e w/(-12) - (-2)/8. Let m(v) = -11*v + 8. Let p(y) = -27*y + 17. Let s(a) = -5*m(a) + 2*p(a). Give s(x).
0
Let c = 2 + 0. Let m(i) = -2*i**2 + 7 + 0*i**2 + 3 + 3*i**c + i. Determine m(0).
10
Let n(w) = w. Let t(r) = r**2 + 8*r - 3. Let y(i) = -3*n(i) + t(i). Suppose -24*c - 4 = 140. Determine y(c).
3
Let t(s) = -1 + 13 - 3*s**2 + 16*s - 4*s - 3*s**2 + 5*s**2. What is t(13)?
-1
Let a(l) = 0*l + l - 8 + 0. Suppose 8*b = 4*b + 20. Suppose 0 = -0*h + b*h - 20. Give a(h).
-4
Let f(b) be the second derivative of -b**4/12 - 13*b**3/6 + 3*b**2/2 + 186*b. Calculate f(-11).
25
Let p(l) = l**2 - 7*l + 6. Let a(i) = -2*i + 6. Let d be a(5). Let b = d - -4. Suppose -20 = -b*m - 4*m. What is p(m)?
-4
Let u(r) = 179 - 94 + r**2 - 10*r - 86. What is u(10)?
-1
Let o be (51/9)/(4/(-12)). Let x = 21 + o. Suppose -3*n = -x*v - n + 18, 3*v = -4*n + 19. Let y(p) = p - 9. Give y(v).
-4
Let f(k) = -k**3 + 5*k**2 + 4. Let p be f(5). Suppose 0 = -4*d - 5*r + 37 + 26, -5*d - 4*r + 72 = 0. Suppose d = p*y - 12. Let i(g) = g**2 - 6*g. Give i(y).
0
Let n(q) be the third derivative of -q**5/60 + 7*q**4/24 - 2*q**2. Suppose 21 = 3*u + 6. What is n(u)?
10
Suppose -6*i = -5*i - 7. Let k(c) = c**2 + c**3 + 6*c**2 - 2*c**3 + 9*c - c**2 - 6. Determine k(i).
8
Let i(f) = f + 2. Let v be i(0). Let g(y) = -y**3 - 3*y + 0*y**2 - v - y**2 - 1 + 0. Determine g(-2).
7
Let z(x) = -3*x**2 + 10*x + 5. Let w(s) = 2*s**2 - 7*s - 4. Let q(h) = 7*w(h) + 5*z(h). Calculate q(0).
-3
Let c be 1 + (1 - 3)*-1. Suppose -2*x + 5 = -c. Suppose -x*f + 9 + 11 = 0. Let w(j) = j**2 - 4*j + 7. Calculate w(f).
12
Let r(f) = -f**2 - 10*f - 3. Let w be r(-10). Suppose 5*k + 2 - 7 = 0. Let i(y) = -8*y - k + 4*y + 2*y**2 + 6*y - 3. Calculate i(w).
8
Let i(z) be the third derivative of 0*z**5 - 1/6*z**4 + 5*z**2 + z**3 + 1/360*z**6 + 0*z + 0. Let l(k) be the first derivative of i(k). Calculate l(0).
-4
Let p(u) = -u**2 + 5*u + 4. Let x be 4/(-10)*(5 - 10). Suppose 14 + 20 = 2*d + 4*g, 0 = x*d + g - 19. Give p(d).
-10
Let y be (21/(-28))/((-3)/8). Let h(m) be the second derivative of m**4/4 - m**3/3 - m**2 - 32*m. Calculate h(y).
6
Suppose -4*t - 22 - 2 = 0. Let a be ((-21)/7 - t/1)*1. Let j(i) = 5*i - 3. Give j(a).
12
Suppose -z - 1 = 3*j, 5*j + 2 = 7. Suppose 5*w + 3*v = 43, 3*w = 2*w + 5*v + 31. Let f(r) = r - 2 + w + r**2 - 10. Determine f(z).
11
Suppose 4*y - m + 25 - 6 = 0, 2*y + 5*m = -37. Let q = 4 + -5. Let c(h) = 5*h**2 - 13*h + 6. Let k(z) = z**2 - z + 1. Let f(w) = q*c(w) + 6*k(w). What is f(y)?
-6
Let v(m) be the first derivative of m**4/12 - 7*m**3/6 + 3*m**2/2 + 13*m - 12. Let r(g) be the first derivative of v(g). What is r(7)?
3
Let b(q) = q**3 + q**2 - 15*q + 6. Let t be b(0). Let z(m) = 6*m + m**2 - m**2 - m**2 + 3. Calculate z(t).
3
Let b(i) = -7*i + 5*i + 4*i - 2 + 6*i - 28*i**2 + 24*i**2. What is b(4)?
-34
Let g be ((-12)/(-4) - 25)/(-2). Let v = g + -11. Suppose -9 = -3*c - u, v = 4*c - 7*c + 2*u. Let f(l) = 3*l**2 - 2*l + 1. Calculate f(c).
9
Let h(x) be the third derivative of x**4/6 + 43*x**3/6 - 1037*x**2. Determine h(-11).
-1
Let o(k) = 10*k - 2. Let b(g) = -41*g - 84. Let u be b(-2). Calculate o(u).
-22
Let x(o) = 9*o + 17. Let v(u) = -4*u - 8. Let m(z) = 5*v(z) + 2*x(z). Let c = 1350 - 1355. Give m(c).
4
Suppose d - 2 = -4, -5*v + d = 13. Suppose -2*x = 3*h - 10, -3*h = -2*x + x - 4. Let q(y) = 3*y**2 + 0*y + 3*y - 2*y**x + 0*y. What is q(v)?
0
Let s(l) = l**3 + 6*l**2 - 2*l - 13. Let g be s(-6). Let u be (0 - -1)*(-4 + 5)*g. Let c(t) = -8*t**3 + t + 1. Determine c(u).
8
Let k(b) = b**2 - b - 11. Suppose 330 = 15*c + 18*c. What is k(c)?
79
Let x(n) be the second derivative of -n**5/60 - n**4/6 + n**3/3 - 5*n**2/2 - 2*n. Let u(c) be the first derivative of x(c). Let p = 22 - 26. Give u(p).
2
Let i(x) = 13*x + 7. Let h(g) = -6*g - 3. Let o(c) = 9*h(c) + 4*i(c). Suppose q = 3, l = 3*l + 4*q - 6. Determine o(l).
7
Let u(k) = k**3 + 12*k**2 - 10*k + 10. Let h(i) = i**3 + 12*i**2 - 12*i + 10. Let p(j) = 6*h(j) - 7*u(j). Give p(-12).
14
Let f(h) be the first derivative of -h**4/4 - 4*h**3/3 + 3*h**2 + 9*h + 477. Calculate f(-4).
-15
Let h(n) be the third derivative of -n**5/60 + n**4/8 + 7*n**3/6 - 8*n**2 + 6. Determine h(-5).
-33
Let n(f) = f**2 - 4*f. Let q = -9 - -14. Suppose 3*b + 132 = q*l - 0*l, -b + 92 = 4*l. Let i be (-5)/40 - (-75)/l. What is n(i)?
-3
Let u = 159 - 113. Suppose 4*j = -10 + u. Let x(o) = 6*o + 1 - j*o**2 + 8*o**2 + 0*o + 2. Determine x(6).
3
Let d(p) = -2*p**2 - 3*p - 2*p + 3*p**2 - 40 + 41. Let q be 5*(0 + (-12)/(-5)). Suppose q = 3*h - 0. Determine d(h).
-3
Let y(q) = q**3 + 3*q**2 + q + 1. Let n(s) = s - 14. Let v be n(11). Determine y(v).
-2
Let h(s) = -52*s + 4. Let n(w) = 87*w - 8. Let o(v) = 10*h(v) + 6*n(v). Give o(11).
14
Let c(t) = t**3 - 10*t**2 - 1. Let q be c(10). Let m(i) be the second derivative of -1/3*i**3 - 7/20*i**5 + 0 + 6*i - 1/12*i**4 - 1/2*i**2. Determine m(q).
7
Let p(z) = -5 + 16 + 7 - 20*z**2 + 952*z - 917*z + z**3. Calculate p(18).
0
Let k = 43 + -43. Let u(z) = 13*z**2 + k*z + 4 - 4*z - z**3 + 6*z**2 - 15*z**2. Calculate u(3).
1
Let i(l) = 7*l + 6. Let n(z) = 6*z + 5. Let d(y) = -5*i(y) + 6*n(y). Let p = -35 + 32. Calculate d(p).
-3
Let o(n) = 7*n - 30. Let t(a) = -13*a + 59. Let d(m) = 11*o(m) + 6*t(m). What is d(0)?
24
Let v(p) = -13*p**2 - p - 1. Let k(t) = 4*t - 29. Let n be (12 - 4)/(-4)*(-21)/6. Let f be k(n). Give v(f).
-13
Let d = -77 - -92. Suppose -5*b + 2*b - d = 0. Let q(u) = -u**2 - 3*u + 7. What is q(b)?
-3
Let w = 51 - 33. Let l(s) = 1 - 6*s**3 - w*s**3 + 15*s**3. Give l(-1).
10
Let k = 27 - 25. Suppose k*r = -r - 15. Let x(b) = -b**3 - 5*b**2 - 2*b - 5. Calculate x(r).
5
Let f(k) = 2*k - 7. Suppose -3*y - 1 = x - 8*y, 0 = -4*y. Let q(s) = -s + 4. Let z be q(x). Calculate f(z).
3
Let t(m) = -m**2 + 5*m + 52. Let x be t(10). Let a(r) = r**3 - 2*r**2 - 3. Calculate a(x).
-3
Let d(z) be the first derivative of -z**2/2 + z + 13. Let c(g) = 3*g - 13. Let s be c(6). Calculate d(s).
-4
Let k(a) = 2*a - 7. Let q be ((-285)/76)/((-3)/4). What is k(q)?
3
Let w(t) = -2*t + 33. Let f(a) = -2*a**3 - a**2 + 11*a + 24. Let l be f(-2). What is w(l)?
5
Let w(r) = r**2 - 3*r + 3. Let d(q) = -22*q + 16. Let v(b) = -7*b + 5. Let i(o) = -5*d(o) + 16*v(o). Let k be i(-1). Give w(k).
1
Suppose 91 - 141 = 10*p. Let s(k) = k**2 - 4*k. Give s(p).
45
Let p = -12 - -16. Let k(l) = -1 - 3*l - 4 - p*l + 6*l. Calculate k(-7).
2
Let o(i) = i**2 + 2*i + 7. Let f be o(7). Suppose y - f - 115 = 0. Let q(c) = 2*c - y + c**2 + 185. Determine q(-2).
0
Let a(q) = -3*q - 4. Let j(i) = 6*i + 7. Let o(r) = 5*a(r) + 3*j(r). Let x(g) = 3*g - 32. Let t be x(9). Determine o(t).
-14
Let a(o) = o**2 - 2*o - 14. Let g = 629 + -624. What is a(g)?
1
Let d(w) = 7*w**2 - 3. Suppose 3*v - 3*n + 15 = 0, 13*n + 13 = -5*v + 14*n. Give d(v).
25
Let m be (-2)/4*1*-2. Let d be 1/m*(3 - 8). Let i(c) be the third derivative of c**5/60 + c**4/8 + c**3/2 - c**2. Calculate i(d).
13
Let u(b) be the second derivative of b**5/60 + 5*b**4/24 + b**3 - 4*b**2 + 8*b. Let v(j) be the first derivative of u(j). Give v(-6).
12
Let n(a) be the first derivative of a**4/4 - 2*a**3 - a**2 - 3*a - 36. Let d(t) = 3*t**2 + 3*t. Let g be d(-2). Calculate n(g).
-15
Let k(a) = 6*a**2 + 37*a - 84. Let f be k(-8). Let w(p) be the first derivative of p**3/3 - 3*p**2/2 - 6*p + 1. Let l be w(f). Let z(u) = -u**3 - 2. Give z(l).
6
Let y(q) = 16*q - 6*q - 5 - q**3 + 9*q**2 + 0*q**3 + 5 - 14. Give y(10).
-14
Let m(r) = 2*r - 7. Suppose 5*z + 5*h - 26 = -1, -z - 3*h + 1 = 0. Determine m(z).
7
Let u(j) = -j**2 + 2*j - j**3 + 0*j**3 - 1 - 7*j**2. Let w = 20197 + -20205. What is u(w)?
-17
Let h(x) = 10*x - x**2 - 16*x + 14*x. Calculate h(10).
-20
Let z = 3 - -2. Let h(s) = 2*s**2 - 3*s - 3. Let n be h(-1). Let u(m) = n*m - 1 - 3*m + 7. Give u(z).
1
Let d(m) be the second derivative of m + 0 + 6*m**2 - 1/6*m**3. Let l = 1262 + -1255. Determine d(l).
5
Let w(g) be the second derivative of g**5/20 - 7*g**4/12 + 2*g**3/3 + 3*g**2/2 + 12*g. Let t be w(6). Let j(p) = p**3 + 8*p**2 - 9*p + 2. Determine j(t).
2
Let k(u) be the first derivative of u**2 + 3*u - 338. Give k(1).
5
Let m(k) = -3*k - 11. Let o be m(-5). Let c(u) = 12*u**3 - 19*u**3 + 2*u**2 + 6*u**3 + 4*u + 2*u**2 - o. What is c(5)?
-9
Let z(i) = -8*i**3 + 7*i**2 